35?
32
Calculate the remainder when 6268 is divided by 40.
28
What is the remainder when 4717 is divided by 7?
6
Calculate the remainder when 49 is divided by 16.
1
Calculate the remainder when 157 is divided by 43.
28
What is the remainder when 760 is divided by 85?
80
What is the remainder when 406 is divided by 106?
88
What is the remainder when 604 is divided by 414?
190
What is the remainder when 6058 is divided by 10?
8
What is the remainder when 253 is divided by 48?
13
What is the remainder when 6445 is divided by 22?
21
Calculate the remainder when 266 is divided by 9.
5
Calculate the remainder when 16662 is divided by 46.
10
Calculate the remainder when 45 is divided by 43.
2
Calculate the remainder when 9774 is divided by 26.
24
Calculate the remainder when 243 is divided by 188.
55
What is the remainder when 704 is divided by 59?
55
Calculate the remainder when 778 is divided by 39.
37
Calculate the remainder when 546 is divided by 259.
28
Calculate the remainder when 229 is divided by 83.
63
Calculate the remainder when 304 is divided by 5.
4
Calculate the remainder when 171 is divided by 142.
29
Calculate the remainder when 5418 is divided by 1340.
58
Calculate the remainder when 236 is divided by 20.
16
What is the remainder when 13750 is divided by 131?
126
What is the remainder when 204 is divided by 52?
48
Calculate the remainder when 169 is divided by 8.
1
Calculate the remainder when 285 is divided by 73.
66
Calculate the remainder when 9946 is divided by 83.
69
What is the remainder when 98 is divided by 25?
23
What is the remainder when 328 is divided by 14?
6
What is the remainder when 235 is divided by 48?
43
Calculate the remainder when 109 is divided by 22.
21
Calculate the remainder when 4257 is divided by 15.
12
Calculate the remainder when 320 is divided by 25.
20
What is the remainder when 53 is divided by 9?
8
What is the remainder when 2946 is divided by 72?
66
What is the remainder when 250 is divided by 49?
5
What is the remainder when 99 is divided by 6?
3
What is the remainder when 2514 is divided by 37?
35
What is the remainder when 1994 is divided by 92?
62
Calculate the remainder when 37 is divided by 23.
14
What is the remainder when 59 is divided by 28?
3
What is the remainder when 244 is divided by 31?
27
What is the remainder when 120 is divided by 41?
38
What is the remainder when 149 is divided by 27?
14
Calculate the remainder when 107 is divided by 14.
9
What is the remainder when 339 is divided by 3?
0
What is the remainder when 657 is divided by 7?
6
Calculate the remainder when 322 is divided by 25.
22
Calculate the remainder when 333 is divided by 7.
4
Calculate the remainder when 556 is divided by 138.
4
Calculate the remainder when 374 is divided by 104.
62
What is the remainder when 3994 is divided by 93?
88
Calculate the remainder when 238 is divided by 22.
18
What is the remainder when 926 is divided by 15?
11
Calculate the remainder when 1138 is divided by 17.
16
What is the remainder when 11 is divided by 5?
1
What is the remainder when 68 is divided by 7?
5
What is the remainder when 294 is divided by 67?
26
What is the remainder when 252 is divided by 80?
12
Calculate the remainder when 4593 is divided by 121.
116
Calculate the remainder when 1255 is divided by 12.
7
What is the remainder when 2607 is divided by 7?
3
What is the remainder when 346 is divided by 134?
78
What is the remainder when 670 is divided by 47?
12
What is the remainder when 64 is divided by 28?
8
Calculate the remainder when 332 is divided by 117.
98
Calculate the remainder when 156 is divided by 32.
28
What is the remainder when 107 is divided by 32?
11
Calculate the remainder when 490 is divided by 79.
16
What is the remainder when 1307 is divided by 313?
55
Calculate the remainder when 390 is divided by 100.
90
Calculate the remainder when 183 is divided by 50.
33
Calculate the remainder when 338 is divided by 153.
32
What is the remainder when 792 is divided by 125?
42
What is the remainder when 239 is divided by 27?
23
What is the remainder when 77 is divided by 9?
5
What is the remainder when 95 is divided by 26?
17
Calculate the remainder when 21714 is divided by 43.
42
Calculate the remainder when 467 is divided by 13.
12
What is the remainder when 597 is divided by 20?
17
What is the remainder when 288 is divided by 98?
92
What is the remainder when 4395 is divided by 274?
11
Calculate the remainder when 99 is divided by 34.
31
Calculate the remainder when 113 is divided by 6.
5
Calculate the remainder when 549 is divided by 274.
1
Calculate the remainder when 7448 is divided by 13.
12
Calculate the remainder when 4215 is divided by 31.
30
Calculate the remainder when 5869 is divided by 226.
219
Calculate the remainder when 396 is divided by 40.
36
Calculate the remainder when 2929 is divided by 10.
9
What is the remainder when 925 is divided by 30?
25
What is the remainder when 659 is divided by 651?
8
What is the remainder when 877 is divided by 16?
13
Calculate the remainder when 438 is divided by 123.
69
Calculate the remainder when 52 is divided by 35.
17
Calculate the remainder when 4991 is divided by 135.
131
Calculate the remainder when 105 is divided by 21.
0
Calculate the remainder when 3181 is divided by 35.
31
What is the remainder when 882 is divided by 98?
0
Calculate the remainder when 35 is divided by 9.
8
Calculate the remainder when 549 is divided by 29.
27
What is the remainder when 4661 is divided by 42?
41
What is the remainder when 1583 is divided by 169?
62
What is the remainder when 1239 is divided by 70?
49
Calculate the remainder when 7271 is divided by 15.
11
What is the remainder when 67 is divided by 39?
28
Calculate the remainder when 192 is divided by 59.
15
What is the remainder when 405 is divided by 102?
99
Calculate the remainder when 24373 is divided by 115.
108
Calculate the remainder when 618 is divided by 317.
301
Calculate the remainder when 491 is divided by 11.
7
What is the remainder when 446 is divided by 134?
44
What is the remainder when 182 is divided by 175?
7
Calculate the remainder when 2014 is divided by 68.
42
Calculate the remainder when 19841 is divided by 405.
401
What is the remainder when 630 is divided by 107?
95
Calculate the remainder when 261 is divided by 24.
21
What is the remainder when 446 is divided by 208?
30
What is the remainder when 88 is divided by 39?
10
Calculate the remainder when 645 is divided by 108.
105
What is the remainder when 72 is divided by 31?
10
What is the remainder when 39 is divided by 11?
6
Calculate the remainder when 3861 is divided by 56.
53
What is the remainder when 3267 is divided by 218?
215
What is the remainder when 58 is divided by 39?
19
Calculate the remainder when 2066 is divided by 2.
0
Calculate the remainder when 95 is divided by 40.
15
What is the remainder when 1286 is divided by 14?
12
Calculate the remainder when 586 is divided by 24.
10
What is the remainder when 291 is divided by 27?
21
Calculate the remainder when 46 is divided by 32.
14
What is the remainder when 667 is divided by 220?
7
What is the remainder when 217 is divided by 11?
8
What is the remainder when 39 is divided by 27?
12
What is the remainder when 972 is divided by 25?
22
What is the remainder when 260 is divided by 24?
20
What is the remainder when 170 is divided by 122?
48
What is the remainder when 167 is divided by 60?
47
Calculate the remainder when 86 is divided by 2.
0
Calculate the remainder when 314 is divided by 35.
34
What is the remainder when 85 is divided by 26?
7
What is the remainder when 118 is divided by 73?
45
What is the remainder when 3031 is divided by 159?
10
What is the remainder when 116 is divided by 102?
14
What is the remainder when 49 is divided by 8?
1
Calculate the remainder when 2612 is divided by 39.
38
Calculate the remainder when 3247 is divided by 50.
47
Calculate the remainder when 812 is divided by 123.
74
Calculate the remainder when 235 is divided by 79.
77
What is the remainder when 2043 is divided by 89?
85
What is the remainder when 1655 is divided by 186?
167
What is the remainder when 13 is divided by 5?
3
What is the remainder when 242 is divided by 33?
11
Calculate the rema